o - 30*v + 26*v - 6, 2 = o - 3*v. Calculate the remainder when 2 + -1 + 2 + p is divided by o.
1
Let k = 33 - 31. Suppose k*t - 2 = 24. Suppose -t*i + 8*i = -70. What is the remainder when 53 is divided by i?
11
Suppose 3*i + 582 = -12. Let j be i/(-4) + -2*4/16. Let y = 69 - j. What is the remainder when 56 is divided by y?
16
Suppose 3*s - 9 = 0, -3*s - 5 - 241 = -3*i. What is the remainder when i is divided by 9?
4
Let v(j) = -2*j**3 - 21*j**2 - 11*j - 11. Let a = -15 + 5. Let c be v(a). What is the remainder when 1 + (-273)/(-2 + c) + 3 is divided by 33?
29
Suppose 143 + 137 = -14*k. What is the remainder when 40 is divided by (2 + 132/k + 2)*-5?
1
Suppose 3*x - 3 = -9, -4*x + 2 = -5*n. What is the remainder when 284 is divided by 40/80 + (-25)/n?
11
Let s(d) = 2*d**3 + 69*d**2 - 40*d - 154. Let p be (-4)/(-26) - 952/104. Let y = 1 - p. What is the remainder when s(-35) is divided by y?
1
Let v(z) = -z**3 - 3*z**2 + 15*z + 42. Let d be v(-3). Calculate the remainder when 333 is divided by (4 + -7)/(d*2/10).
3
Let p = -18 - -52. Let h = 103 + p. Let z(v) = -v**3 + 3*v**2 + 10*v + 23. Calculate the remainder when h is divided by z(0).
22
Let y(m) be the second derivative of 0 + 1/2*m**4 + 6*m**2 - 19*m - 11/6*m**3. Calculate the remainder when 16 is divided by y(1).
2
Suppose 3*s - 2*a + 48 = -0*s, 5*s = a - 80. What is the remainder when 65 is divided by 9/3 - (s - -9)?
5
Suppose 70*a = 74*a - 172. Let r = 38 - 23. Calculate the remainder when a is divided by r.
13
Let k(h) = 23*h**2 + 3*h - 13*h**2 + 26 - 9*h**2. Let q = 39 + -32. Calculate the remainder when k(0) is divided by q.
5
Let t(u) = -27*u - 20. Let h(j) = 2*j - 1. Let x(i) = 5*h(i) + t(i). What is the remainder when 24 is divided by x(-2)?
6
Let q(c) = -46*c - 6. Let i(t) = 2*t + 2. Let r(j) = 4*i(j) + q(j). Let w = -1 + 0. What is the remainder when r(w) is divided by 14?
12
Suppose -4*p + 3*h = -52, 7*p - 4*h - 66 = 2*p. Suppose -m + 57 = -0*m. Suppose 4*b = 73 - m. What is the remainder when p is divided by b?
2
Let g(i) = -i**3 + 4*i + 1. Let x be g(-3). Suppose -46*j - x = -48*j. Calculate the remainder when 150 is divided by j.
6
Suppose -4*q + 62 = x, 1546*q + x + 66 = 1550*q. Suppose 2*k - 3 = 693. Suppose -a + k = a. Calculate the remainder when a is divided by q.
14
Suppose -584*o + 715 = -529*o. What is the remainder when 895 is divided by o?
11
Calculate the remainder when 1062 is divided by ((-88)/110)/(0 + 3/(-210)).
54
Let b = 12986 + -12670. What is the remainder when b is divided by 64?
60
Let j(v) = v**2 - 2*v + 5. Let r be j(-5). Suppose 4*t + 4 = 2*o - 12, -5*o = t - r. What is the remainder when o is divided by 8?
0
Let c = 425 + -411. Suppose 0 = 2*m - 6 - 10. Calculate the remainder when c*(-3 - (-54)/12) is divided by m.
5
Let a = 1 - 1. Let p = -2496 - -2502. Suppose -p*f + f + 10 = a. Calculate the remainder when f is divided by 1.
0
Suppose -129*q + 126*q + 183 = 0. Let u(f) = -8*f**3 - f**2 - 2*f - 2. What is the remainder when q is divided by u(-1)?
5
What is the remainder when 383 is divided by ((-8)/20)/(64/(-10240))?
63
Let m(l) = -2*l**3 - 92*l**2 - 906*l - 47. What is the remainder when m(-14) is divided by 31?
0
Suppose 4*w - 27 - 59 = -2*g, 0 = -3*g + 2*w + 129. Suppose g = -7*p - 27. Calculate the remainder when 61 is divided by (62/12*3)/((-5)/p).
30
Let m = 271 - 148. Let b = -46089 - -46094. What is the remainder when m is divided by b?
3
Suppose 6*h + 35*h - 2*h = 22152. Calculate the remainder when h is divided by 26.
22
Let q be 24/(-10)*(-9)/(108/30). Calculate the remainder when 415 is divided by ((-40)/(-8) - q) + 61.
55
Suppose -7*p + 22 = 22*p - 297. What is the remainder when 65 is divided by p?
10
Suppose s + 2*g = 2*s - 9, 0 = 3*s - 5*g - 26. Suppose -305*u = 2*c - 302*u - 52, 117 = 3*c - 2*u. What is the remainder when c is divided by s?
0
What is the remainder when 2407 is divided by (2040/45)/(-34)*15*-3?
7
Let n(t) = -t**2 - 7 + 13*t**2 + 947*t - 949*t. Calculate the remainder when n(-5) is divided by 102.
99
Let u = -16 + 33. Suppose 0*g - 3*i = g, -5*g = i + 56. What is the remainder when ((-1)/((-20)/305))/((-3)/g) is divided by u?
10
Suppose -2*d - i + 108 = 34, -3*d + 2*i + 97 = 0. Let m(v) = -2 - 9 - v**2 - 18*v + 2 - 1. Calculate the remainder when m(-7) is divided by d.
32
What is the remainder when (-339575)/(-675) - (-4)/(-54) is divided by 129?
116
Let n(h) = 6*h**2 + 10*h - 1. Let l be n(-2). Suppose -3*w = -5*g - l, -w - 3*g + 15 = -0*w. What is the remainder when 6 is divided by w?
0
Let j = -250 - -251. Calculate the remainder when 32 is divided by j + -8 - (-12 - 7).
8
Suppose -3*c + 3*a = -25 - 83, 3*c - 2*a - 103 = 0. Suppose -358 = -3*t - 2*k, 3*t - k - 2*k - 363 = 0. What is the remainder when t is divided by c?
27
Suppose -w = -13*w + 945 + 1815. Calculate the remainder when 2297 is divided by w.
227
Let d = -211 + 215. Suppose -x + 7*c - 4*c + 18 = 0, -d*x = -5*c - 51. What is the remainder when x is divided by 7?
2
Let d(j) = 8*j**3 + 10*j**2 - 21*j + 65. Suppose 10*r - 1199 = -189. What is the remainder when d(5) is divided by r?
99
Suppose 5*j - 62 = 3*j. Let u be 1632/(-40) + -4 + 57/15. Let p = 51 - u. What is the remainder when p is divided by j?
30
Suppose -22*t + 8*t - 469 = -21*t. Calculate the remainder when 589 is divided by t.
53
Suppose 0 = 165*z - 167*z + 338. Suppose -4*d - 2*p + 107 = -z, 0 = -5*d + 2*p + 354. Calculate the remainder when d is divided by 4.
2
Let v = 65 + -29. Suppose 5*y - 4*j = 4, -y + 6*y + 4*j - v = 0. Suppose s = d - 22, -d - y*s = -0*d - 42. What is the remainder when d is divided by 7?
5
Let g(p) = 28*p + 254. What is the remainder when 34 is divided by g(-9)?
0
Let y(m) = m**3 - m**2 + 1. Let z be y(1). Let n be 1/(-1*z/18). Calculate the remainder when 65 is divided by (-12)/n*153/(-12)*-2.
14
Let d be (7/(-14))/(3 + (-57)/18). Suppose 5*w + 5*z = 235, -210 + 53 = -d*w + z. What is the remainder when w is divided by 13?
12
What is the remainder when 34 is divided by (-1 - -16) + (-7 + 13 - 4 - 5)?
10
Suppose 5*n - 27 - 95 = -67. What is the remainder when 3573 is divided by n?
9
Suppose 0 = 22*z - 3785 - 8772 - 599. What is the remainder when z is divided by 586?
12
Suppose -5*b = -2*k - k + 25, 0 = k - 3*b - 15. Suppose -91*u = -96*u + 100. Suppose 2*p = -k*p + u. Calculate the remainder when 49 is divided by p.
9
Let y(n) = -n**2 - 40*n - 343. Calculate the remainder when 185 is divided by y(-25).
25
Let p be 20/(-25)*-5 + 101. Suppose -2*d = -5 - p. What is the remainder when 159 is divided by d?
49
Suppose 24697 - 5587 = 98*m. What is the remainder when 1754 is divided by m?
194
Let k be 30/(-75)*((-21604)/(-1) + 1). Calculate the remainder when k/(-116) + (-2)/(-4) is divided by 28.
19
Let n = 62 - 39. Suppose n + 23 = 2*c. Let r = 7220264 - 7220150. Calculate the remainder when r is divided by c.
22
Suppose 4*t - 288 = 3*w, 0 = w - 3*w + 8. Let p = -65 + t. Let z(i) = 8*i - 28. Calculate the remainder when z(7) is divided by p.
8
Let z(b) = b**2 - 9*b + 22. Let y be z(3). Suppose y*s - 43 = 41. Calculate the remainder when s is divided by 3.
0
Let r(p) = 181*p**2 + 5*p + 6. Calculate the remainder when r(-1) is divided by 111.
71
Let p be ((-2)/4)/(16/(-256)). Let f be (-3 - -4)*p/1. Suppose -f*a - 22 = -10*a. What is the remainder when 86 is divided by a?
9
Let q(j) = -10*j - 217. Suppose -2*d = -81 + 1. Calculate the remainder when d is divided by q(-23).
1
Suppose 9*s - 14*s = -1010. Let w = 98 - s. What is the remainder when 38 is divided by (2/(-4))/((-620)/w + -6)?
12
Let h(x) = -17*x**3 + x**2 + x. Let t be ((-8)/6)/(2/(-15)). Suppose -3*y - 6 = -4*k + 1, -5*y = -5*k + t. Calculate the remainder when 50 is divided by h(y).
16
Suppose -v + 33 = 110. Let w = -6871 - -6808. Let d = w - v. What is the remainder when 38 is divided by d?
10
Calculate the remainder when 20511/63 - 2/14*(23 + -26) is divided by 65.
1
Let a be (-3)/(-12) - 100/16. Let v be 3/a*-2*-7. Let k(x) = x + 17. Calculate the remainder when 98 is divided by k(v).
8
Suppose -30*a + 35*a - 60 = 0. Suppose -p = -m + 3, p = -p - 4*m + a. Suppose -3*d + 13 + 23 = p. What is the remainder when 37 is divided by d?
1
Suppose 2*z - 904 = -2*k, 4*k - 12*k = -5*z - 3681. What is the remaind